+ (23 - -11) + -34 - (9 + 1 - 2)
0
Evaluate 10 + (-46 - -12 - 3).
-27
Evaluate (185 - (88 - 124)) + -137.
84
9 - (1 + -13 + (5 - -10)) - 74
-68
Calculate -71 - (9 + -8 - (-1 - (15 - 33))).
-55
What is the value of 10 + 2 + -1 + (-48 + -171 - -115)?
-93
What is the value of 163 + -32 + -42 + -142?
-53
Evaluate 78 + (-84 - (55 - 39)).
-22
Calculate -133 + 57 + 179 - 10.
93
Evaluate -21 + (-9 + 44 - -40).
54
Evaluate (0 + 45 + (10 - 8) - 12) + 8.
43
What is 10 - (4 - -1 - (-11 - -29) - -13)?
10
What is -165 - (-84 + (-48 - -90)) - (-1 + -2)?
-120
What is -1 + -9 - (229 + -191)?
-48
What is the value of 0 + (85 + -84 - 39)?
-38
10 + (32 - (-11 - -62)) + 11
2
42 + 60 - 23 - 58
21
What is 83 + -11 + (2 - -21) - (-1 + 3 + 2)?
91
Evaluate 3 - ((-4 - -11) + -4 + (2 - 4) + 11).
-9
What is the value of -2 - (-63 + 76 + -31)?
16
9 + 20 + (-10 - -8) + 0
27
Evaluate -13 + -41 - ((11 - 5) + -20).
-40
What is the value of (11 + -2 - (2 + -10)) + -8 + 1 - 13?
-3
What is the value of 6 + -7 + (1 - -2) + (85 + -89 - 23)?
-25
Evaluate -34 + -1 + (41 - 59 - -26) + -23.
-50
What is the value of -10 + (-24 + 32 + -28 - 2)?
-32
Calculate 66 + -98 + (8 - 9).
-33
Calculate (24 - (-25 + (60 - 15))) + -15 + 2.
-9
Evaluate (-17 - -6) + (35 - -24).
48
-35 + 26 - -1 - ((7 - -1) + (-16 - -15))
-15
8 - -37 - (20 + 3) - (-2 + -76)
100
Evaluate 1 + (18 - 0) - (209 + (-51 - 173)).
34
Calculate (14 - (-6 + (-52 - -57))) + (36 - 1).
50
1 + 70 - (39 + (-69 - -26)) - 17
58
Calculate (-17 - -10) + (-6 - -9 - -39).
35
What is (51 + 44 - -35) + -72?
58
(3 - -8) + (-14 - (14 - -12)) + 1 + 0
-28
Evaluate 2 + 11 + 4 - (-763 - -799).
-19
What is -11 - (39 + -4 + 59 + (-5 - -4))?
-104
What is -27 - -6 - (43 - 46) - (15 - 5)?
-28
-51 + -28 + -15 + 62
-32
Calculate (-3 - -2) + -68 + 1216 + -1194.
-47
What is the value of (4 + 9 - (-7 + 14)) + 9 + (-13 - 6)?
-4
Evaluate -4 - (-4 - -1) - 11 - (-807 + 851).
-56
Evaluate -1 + (-12 + 39 - 40 - (0 - 70)).
56
61 - (51 - 39 - -110)
-61
Calculate (10 + (-9 - 0 - 0) + -4 - -126) + 14.
137
Evaluate -11 - (8 - (-17 + 26) - (2 + 47)).
39
-16 + 21 + (-78 - -55 - (3 - 141))
120
6 + 128 - (-324 + 398)
60
What is -13 + 16 + -14 - (-5 + 5) - -48?
37
What is (-65 - (0 - 1)) + (1 - 1 - (-25 - -18))?
-57
Calculate -17 - (-42 + (38 - 51)).
38
What is -69 - (-38 - (21 - -48))?
38
What is the value of 3 + 0 - (-53 - -40 - (7 + (-1 - -3)))?
25
1 + -199 + 109 - -151
62
What is (-1 - 0) + (14 - 27) + -103 + 57?
-60
Calculate (1 - (1 + -10) - 30) + 12.
-8
What is (1 - 10) + -15 + -131 + 134?
-21
2 + 31 + -26 - 50
-43
Evaluate 27 + -30 + 25 + -57 - 42.
-77
(39 - 44) + 9 + 1 - ((-13 - -2) + 1)
15
Evaluate (3 - 11) + (23 - (44 + (-5 - 13))).
-11
What is ((-5 - 19) + 20 - (2 - -2)) + (4 - -45)?
41
Evaluate 1 + 3 + -2 + 55 + 31 + -93 + -69.
-74
-140 - (271 + -431) - (0 - (-128 - -1))
-107
What is -62 + -4 + (-4 - (-5 + -3)) - (-67 - -72)?
-67
What is the value of 8 + -189 + 109 + 90?
18
What is the value of (-7 - -11) + 12 - (88 - 92)?
20
Calculate -887 + 887 - (3 + 2 + 1 + -3).
-3
Calculate -2 + 37 - (66 + (-7 - 79) + 0 + 27).
28
Evaluate -7 + (51 - (-45 - -37)).
52
Evaluate (-58 + -12 - -146) + -89.
-13
What is -31 - (-9 + -6) - 16?
-32
96 + -2 + (231 - 292)
33
Evaluate 44 + -94 - -244 - 100.
94
-1453 + 1400 - (1 + -37)
-17
Evaluate -10 + (157 - 146) + (3 - 2 - -4).
6
Evaluate (20 + -32 - 14) + (65 - 6).
33
Evaluate -85 + -23 + (7 - -56) + -12.
-57
What is the value of -13 - (4 + (-13 + 21 - 4) + -21)?
0
Evaluate -95 + -6 + (291 - 276).
-86
What is (0 - 9 - (11 + (17 - -15) + -46)) + -49?
-55
Calculate -2 + 89 + (-90 + 78 - (-5 + -9 + -3)).
92
What is 37 + (-26 - (-48 + 94))?
-35
What is the value of 15 - ((-37 - -36) + 30) - -13?
-1
What is the value of -1 + (12 + -6 - (69 + -67)) + -26?
-23
Calculate 29 + -17 - (-6 + (-4 - 0 - -6) + 29).
-13
Calculate -8 + (-6 - 6) - ((-21 - 5) + -8).
14
What is the value of 3 + (-19 - -9) + 70 - (-2 + (27 - 13))?
51
What is the value of (1 - 5 - 11) + (27 - 54) + 27 - 88?
-103
What is 20 + -40 + 66 - 47?
-1
Evaluate -20 + -28 + 22 - (3 - -87).
-116
What is the value of -7785 + 7903 + (2 - 71)?
49
What is 14 + 109 + -29 + -16 + -28?
50
26 + 19 + -3 + -12 + (-40 - -47)
37
Evaluate -1564 - -1667 - ((6 - 10 - -10) + 13).
84
Calculate -4 - (10 + -3 - ((-45 - -37) + 4 + 1)).
-14
Evaluate 236 - 245 - (4 - (45 + 5)).
37
What is -1 - (-1 - -11) - (4 + -22) - -21?
28
What is the value of -46 + (23 - 30) + 29?
-24
(48 - (-17 + 84)) + 34 + 3
18
Calculate 4 + 57 + (-12 + 28 - 20) + -1 + -1.
55
Calculate (0 - -4) + -10 - (2 + (5 - -3) + 0).
-16
What is the value of (24 - 3) + -2 - (-112 + 29 + 90)?
12
Evaluate 1 + -12 + -67 + 94.
16
What is (-2 - 7 - (3 + (-8 - 0))) + -183 + 144?
-43
What is 24 + (40 - 75) - (-24 - -1)?
12
What is the value of (36 - 13) + 9 + 15 + (-4 - 4)?
39
What is -90 - (-10 + (-14 - -5)) - -10?
-61
Evaluate (-13 - 1) + (-68 + 134 - 41).
11
What is (-3 - (-76 + 72)) + (-1 - 65)?
-65
6 + 91 + -161 - -11
-53
((-4 - -14) + -13 - (-2 + -107)) + (198 - 203)
101
What is -20 + (29 - (6 - 2)) - 60?
-55
Calculate -98 + (-34 - (-151 + 11)).
8
What is the value of -10 - ((3 - 25) + (-38 - -17) + 32)?
1
-3 + 1 - 0 - (-54 + 54 + 37)
-39
What is the value of 0 + 23 + (7 - 29) + 42?
43
Evaluate 110 - 2 - (2564 + -2357).
-99
What is -2 + (-1 - 4) + (8 + -14 - -18)?
5
4 + 20 + 6 - (0 + -4)
34
Evaluate -4 + 7 + -6 + (-8 - -30) + (7 - -75).
101
What is (4 - -1) + (-423 - -381 - (-27 - -2))?
-12
10 - (24 + 27 - 51)
10
Evaluate 75 - (2 + 49 + 4).
20
Calculate -54 + (-94 - -84) + 1.
-63
What is the value of -10 + (2 - 22) + 21 - (1 - 39)?
29
What is the value of -8 - (-10 + -3) - (13 + -45)?
37
Calculate 234 - (-78 - -310) - (-1 - 0 - 70).
73
What is the value of -31 + 105 + -41 + -36?
-3
What is 76 + (143 - 91) - 42?
86
Calculate 13 + (-14 - (34 + 10 + -4) - 7).
-48
What is (15 - 7 - 15 - (0 - -25)) + (-149 - -153)?
-28
Evaluate -16 - (1 + (-44 - -8)) - -3.
22
What is (1 - 14) + -95 + 83 + 3 + 5?
-17
What is 105 + 2 - ((-15 - (-3 - -12)) + (43 - 10))?
98
Evaluate 1 + 11 + (-7 - (-2 - 0)) - (116 + -40).
-69
Calculate -1 + 39 + (-598 - -632) - 3.
69
What is the value of -1 - ((2 - 2) + -66 - -3 - (-1394 + 1387))?
55
Evaluate 16 - -2 - 4 - (-1 + (8 + 6 - 5)).
6
Evaluate (21 + -26 - 90) + (-5 - (0 - 1)) + 12.
-87
What is the value of (21 - (-99 - (9 - 19))) + -16?
94
578 - 507 - (-5 + 44)
32
Evaluate (-1 - 22 - (-48 + 34)) + 33.
24
Calculate (1 - 4 - -18) + -8 + 7.
14
What is the value of 61 + (-103 - 15) - -119?
62
Evaluate -119 + 48 + 50 - (1 + -6).
-16
What is the value of 27 + (7 - (12 - ((8 - 4 - 9) + 12)))?
29
Calculate 78 + -138 - -78 - (13 + 1).
4
What is (-91 - (-39 - -8)) + 45?
-15
What is the value of -1 - (7 - 14) - (-46 - 2)?
54
31 + (8 - 44) - 9
-14
What is the value of 517 + -524 - (0 + -14)?
7
Evaluate ((-1 - 2) + 30 - 12) + -6 - 31.
-22
What is the value of -50 - ((-5 - -1) + (18 - (1 - -4)) + -5)?
-54
1 + (40 - ((-13 - (2 + -18)) + 1 + -4))
41
Calculate 16 + -50 - -25 - -32.
23
-121 - (126 + -137) - -111
1
18 - (2 + 0) - (-65 - (-131 - 28))
-78
Evaluate -42 + (-3 - (11 - 6)) - (-13 - (-5 - 15)).
-57
Calculate (-12 - -14 - 1 - -1) + (-60 - -2 - 7).
-63
Calculate 10 + (-14 + 2 - ((2 - -37) + (-197 - -217))).
-61
Calculate 17 + (-43 - -106 - 51 - (15 - 0)).
14
Evaluate 10 + -7 - -15 - (6 - -28).
-16
27 + 3 + 4 - (34 + -37 + -4)
41
What is the value of (19 - -18) + 1 + 2?
40
What is -112 + -13 + 113 + -41?
-53
What is the value of 34 - (-3 - 0) - (13 - (25 + -1))?
48
7 - (-8 - (9 + 2)) - -24
50
What is the value of (1 - (-1 - 5)) + (-1215 - -1218 - (-1 - 2))?
13
What is (61 - (181 + -96)) + (0 - (-1 + 0))?
-23
(-18 - (-16 - -1)) + 0 + (7 - 19)
-15
27 - (37 + -6 + -12 - -50)
-42
Calculate -28 + -45 + 41 + -45 + 1 + 1.
-75
What is -2 + -20 + 5 + (4 - -1) - 3?
-15
Calculate -91 - (-83 - (-92 + 163)).
63
39 - (14 - (-27 - 41))
-43
Evaluate -1 + 1 + -43 + 30 - (-72 - (-11 - 0)).
48
What is the value of 13 + -14 + -8 - (34 - 112)?
69
What is -14 + (15 - -70) + (-10 - (-2 - -4)) + 9?
68
Evaluate (-96 - (-72 - 2)) + 65.
43
What is the value of 12 + 3 - (-47 - (3 + -17)) - -23?
71
16 - (31 - (-30 + 36)) - (-25 - -2)
14
Calculate (2 + -22 - (119 - 129)) + (8 - -15) + 5.
18
Calculate -14 + 0 + (-45 + 73 + 54 - 38).
30
What is -25 - (26 + -60) - (